{"id":852,"date":"2021-04-01T00:00:31","date_gmt":"2021-04-01T05:00:31","guid":{"rendered":"http:\/\/sandrajaramillo.com\/site\/?page_id=852"},"modified":"2023-10-26T09:14:20","modified_gmt":"2023-10-26T14:14:20","slug":"programas","status":"publish","type":"page","link":"https:\/\/sandrajaramillo.com\/site\/programas\/","title":{"rendered":"Programas"},"content":{"rendered":"\t\t<div data-elementor-type=\"wp-page\" data-elementor-id=\"852\" class=\"elementor elementor-852\">\n\t\t\t\t\t\t<section class=\"elementor-section elementor-top-section elementor-element elementor-element-ab273cd elementor-section-boxed elementor-section-height-default elementor-section-height-default\" data-id=\"ab273cd\" data-element_type=\"section\" data-e-type=\"section\" data-settings=\"{&quot;background_background&quot;:&quot;classic&quot;}\">\n\t\t\t\t\t\t<div class=\"elementor-container elementor-column-gap-default\">\n\t\t\t\t\t<div class=\"elementor-column elementor-col-50 elementor-top-column elementor-element elementor-element-4ec60b4\" data-id=\"4ec60b4\" data-element_type=\"column\" data-e-type=\"column\">\n\t\t\t<div class=\"elementor-widget-wrap elementor-element-populated\">\n\t\t\t\t\t\t<div class=\"elementor-element elementor-element-39d69ec elementor-invisible elementor-widget elementor-widget-image\" data-id=\"39d69ec\" data-element_type=\"widget\" data-e-type=\"widget\" data-settings=\"{&quot;_animation&quot;:&quot;fadeInLeft&quot;}\" data-widget_type=\"image.default\">\n\t\t\t\t<div class=\"elementor-widget-container\">\n\t\t\t\t\t\t\t\t\t\t\t\t\t\t\t<img fetchpriority=\"high\" decoding=\"async\" width=\"596\" height=\"800\" src=\"https:\/\/sandrajaramillo.com\/site\/wp-content\/uploads\/2021\/05\/sandrajaramillo_home_intro_103.png\" class=\"attachment-full size-full wp-image-1121\" alt=\"\" srcset=\"https:\/\/sandrajaramillo.com\/site\/wp-content\/uploads\/2021\/05\/sandrajaramillo_home_intro_103.png 596w, https:\/\/sandrajaramillo.com\/site\/wp-content\/uploads\/2021\/05\/sandrajaramillo_home_intro_103-224x300.png 224w\" sizes=\"(max-width: 596px) 100vw, 596px\" \/>\t\t\t\t\t\t\t\t\t\t\t\t\t\t\t<\/div>\n\t\t\t\t<\/div>\n\t\t\t\t\t<\/div>\n\t\t<\/div>\n\t\t\t\t<div class=\"elementor-column elementor-col-50 elementor-top-column elementor-element elementor-element-f469cf7\" data-id=\"f469cf7\" data-element_type=\"column\" data-e-type=\"column\">\n\t\t\t<div class=\"elementor-widget-wrap elementor-element-populated\">\n\t\t\t\t\t\t<div class=\"elementor-element elementor-element-6409ed3 elementor-widget elementor-widget-heading\" data-id=\"6409ed3\" data-element_type=\"widget\" data-e-type=\"widget\" data-widget_type=\"heading.default\">\n\t\t\t\t<div class=\"elementor-widget-container\">\n\t\t\t\t\t<h5 class=\"elementor-heading-title elementor-size-xxl\">Programas<\/h5>\t\t\t\t<\/div>\n\t\t\t\t<\/div>\n\t\t\t\t<div class=\"elementor-element elementor-element-3b42498 elementor-widget elementor-widget-text-editor\" data-id=\"3b42498\" data-element_type=\"widget\" data-e-type=\"widget\" data-widget_type=\"text-editor.default\">\n\t\t\t\t<div class=\"elementor-widget-container\">\n\t\t\t\t\t\t\t\t\t<p>Si no te gusta lo que ves en tu exterior (tus resultados), es importante primero revisar lo que pasa en tu interior (pensamientos, creencias y emociones). Estos son los fundamentos que encuentras en mis programas, para que tengas una estabilidad mental \u00f3ptima, y as\u00ed poder tomar las decisiones m\u00e1s acertadas que te lleven a coleccionar sue\u00f1os cumplidos.<\/p>\t\t\t\t\t\t\t\t<\/div>\n\t\t\t\t<\/div>\n\t\t\t\t<div class=\"elementor-element elementor-element-0ec37b9 elementor-align-center elementor-mobile-align-justify elementor-widget elementor-widget-button\" data-id=\"0ec37b9\" data-element_type=\"widget\" data-e-type=\"widget\" data-widget_type=\"button.default\">\n\t\t\t\t<div class=\"elementor-widget-container\">\n\t\t\t\t\t\t\t\t\t<div class=\"elementor-button-wrapper\">\n\t\t\t\t\t<a class=\"elementor-button elementor-button-link elementor-size-lg\" href=\"\/site\/regalo\/\">\n\t\t\t\t\t\t<span class=\"elementor-button-content-wrapper\">\n\t\t\t\t\t\t\t\t\t<span class=\"elementor-button-text\">Reclamar regalo<\/span>\n\t\t\t\t\t<\/span>\n\t\t\t\t\t<\/a>\n\t\t\t\t<\/div>\n\t\t\t\t\t\t\t\t<\/div>\n\t\t\t\t<\/div>\n\t\t\t\t\t<\/div>\n\t\t<\/div>\n\t\t\t\t\t<\/div>\n\t\t<\/section>\n\t\t\t\t<section class=\"elementor-section elementor-top-section elementor-element elementor-element-cd467c5 elementor-hidden-tablet elementor-hidden-mobile elementor-section-boxed elementor-section-height-default elementor-section-height-default\" data-id=\"cd467c5\" data-element_type=\"section\" data-e-type=\"section\">\n\t\t\t\t\t\t<div class=\"elementor-container elementor-column-gap-default\">\n\t\t\t\t\t<div class=\"elementor-column elementor-col-50 elementor-top-column elementor-element elementor-element-19b961c\" data-id=\"19b961c\" data-element_type=\"column\" data-e-type=\"column\" data-settings=\"{&quot;background_background&quot;:&quot;classic&quot;}\">\n\t\t\t<div class=\"elementor-widget-wrap elementor-element-populated\">\n\t\t\t\t\t\t<div class=\"elementor-element elementor-element-337217c elementor-widget elementor-widget-image\" data-id=\"337217c\" data-element_type=\"widget\" data-e-type=\"widget\" data-widget_type=\"image.default\">\n\t\t\t\t<div class=\"elementor-widget-container\">\n\t\t\t\t\t\t\t\t\t\t\t\t\t\t\t\t<a href=\"\/site\/regalo\/\">\n\t\t\t\t\t\t\t<img decoding=\"async\" width=\"1280\" height=\"720\" src=\"https:\/\/sandrajaramillo.com\/site\/wp-content\/uploads\/2023\/06\/sandrajaramillo_banner_programa_1.jpeg\" class=\"attachment-full size-full wp-image-2104\" alt=\"\" srcset=\"https:\/\/sandrajaramillo.com\/site\/wp-content\/uploads\/2023\/06\/sandrajaramillo_banner_programa_1.jpeg 1280w, https:\/\/sandrajaramillo.com\/site\/wp-content\/uploads\/2023\/06\/sandrajaramillo_banner_programa_1-300x169.jpeg 300w, https:\/\/sandrajaramillo.com\/site\/wp-content\/uploads\/2023\/06\/sandrajaramillo_banner_programa_1-1024x576.jpeg 1024w, https:\/\/sandrajaramillo.com\/site\/wp-content\/uploads\/2023\/06\/sandrajaramillo_banner_programa_1-768x432.jpeg 768w\" sizes=\"(max-width: 1280px) 100vw, 1280px\" \/>\t\t\t\t\t\t\t\t<\/a>\n\t\t\t\t\t\t\t\t\t\t\t\t\t\t\t<\/div>\n\t\t\t\t<\/div>\n\t\t\t\t<div class=\"elementor-element elementor-element-029e8bc elementor-widget elementor-widget-heading\" data-id=\"029e8bc\" data-element_type=\"widget\" data-e-type=\"widget\" data-widget_type=\"heading.default\">\n\t\t\t\t<div class=\"elementor-widget-container\">\n\t\t\t\t\t<div class=\"elementor-heading-title elementor-size-large\">\u00a1Muy pronto!<\/div>\t\t\t\t<\/div>\n\t\t\t\t<\/div>\n\t\t\t\t\t<\/div>\n\t\t<\/div>\n\t\t\t\t<div class=\"elementor-column elementor-col-50 elementor-top-column elementor-element elementor-element-6a6a37f\" data-id=\"6a6a37f\" data-element_type=\"column\" data-e-type=\"column\">\n\t\t\t<div class=\"elementor-widget-wrap elementor-element-populated\">\n\t\t\t\t\t\t<div class=\"elementor-element elementor-element-72f8a96 elementor-widget elementor-widget-image\" data-id=\"72f8a96\" data-element_type=\"widget\" data-e-type=\"widget\" data-widget_type=\"image.default\">\n\t\t\t\t<div class=\"elementor-widget-container\">\n\t\t\t\t\t\t\t\t\t\t\t\t\t\t\t\t<a href=\"\/site\/regalo\/\">\n\t\t\t\t\t\t\t<img decoding=\"async\" width=\"1280\" height=\"720\" src=\"https:\/\/sandrajaramillo.com\/site\/wp-content\/uploads\/2023\/10\/sandrajaramillo_banner_programa_2.jpg\" class=\"attachment-full size-full wp-image-2191\" alt=\"\" srcset=\"https:\/\/sandrajaramillo.com\/site\/wp-content\/uploads\/2023\/10\/sandrajaramillo_banner_programa_2.jpg 1280w, https:\/\/sandrajaramillo.com\/site\/wp-content\/uploads\/2023\/10\/sandrajaramillo_banner_programa_2-300x169.jpg 300w, https:\/\/sandrajaramillo.com\/site\/wp-content\/uploads\/2023\/10\/sandrajaramillo_banner_programa_2-1024x576.jpg 1024w, https:\/\/sandrajaramillo.com\/site\/wp-content\/uploads\/2023\/10\/sandrajaramillo_banner_programa_2-768x432.jpg 768w\" sizes=\"(max-width: 1280px) 100vw, 1280px\" \/>\t\t\t\t\t\t\t\t<\/a>\n\t\t\t\t\t\t\t\t\t\t\t\t\t\t\t<\/div>\n\t\t\t\t<\/div>\n\t\t\t\t<div class=\"elementor-element elementor-element-95aa34b elementor-widget elementor-widget-heading\" data-id=\"95aa34b\" data-element_type=\"widget\" data-e-type=\"widget\" data-widget_type=\"heading.default\">\n\t\t\t\t<div class=\"elementor-widget-container\">\n\t\t\t\t\t<div class=\"elementor-heading-title elementor-size-large\">\u00a1Muy pronto!<\/div>\t\t\t\t<\/div>\n\t\t\t\t<\/div>\n\t\t\t\t\t<\/div>\n\t\t<\/div>\n\t\t\t\t\t<\/div>\n\t\t<\/section>\n\t\t\t\t<section class=\"elementor-section elementor-top-section elementor-element elementor-element-9cacc64 elementor-section-boxed elementor-section-height-default elementor-section-height-default\" data-id=\"9cacc64\" data-element_type=\"section\" data-e-type=\"section\" data-settings=\"{&quot;background_background&quot;:&quot;classic&quot;}\">\n\t\t\t\t\t\t<div class=\"elementor-container elementor-column-gap-no\">\n\t\t\t\t\t<div class=\"elementor-column elementor-col-50 elementor-top-column elementor-element elementor-element-9ee249b\" data-id=\"9ee249b\" data-element_type=\"column\" data-e-type=\"column\">\n\t\t\t<div class=\"elementor-widget-wrap elementor-element-populated\">\n\t\t\t\t\t\t<div class=\"elementor-element elementor-element-309a022 elementor-widget elementor-widget-image\" data-id=\"309a022\" data-element_type=\"widget\" data-e-type=\"widget\" data-widget_type=\"image.default\">\n\t\t\t\t<div class=\"elementor-widget-container\">\n\t\t\t\t\t\t\t\t\t\t\t\t\t\t\t<img loading=\"lazy\" decoding=\"async\" width=\"768\" height=\"1284\" src=\"https:\/\/sandrajaramillo.com\/site\/wp-content\/uploads\/2021\/05\/sandrajaramillo_regalo_01-768x1284.png\" class=\"attachment-medium_large size-medium_large wp-image-1199\" alt=\"\" srcset=\"https:\/\/sandrajaramillo.com\/site\/wp-content\/uploads\/2021\/05\/sandrajaramillo_regalo_01-768x1284.png 768w, https:\/\/sandrajaramillo.com\/site\/wp-content\/uploads\/2021\/05\/sandrajaramillo_regalo_01-180x300.png 180w, https:\/\/sandrajaramillo.com\/site\/wp-content\/uploads\/2021\/05\/sandrajaramillo_regalo_01-613x1024.png 613w, https:\/\/sandrajaramillo.com\/site\/wp-content\/uploads\/2021\/05\/sandrajaramillo_regalo_01-600x1003.png 600w, https:\/\/sandrajaramillo.com\/site\/wp-content\/uploads\/2021\/05\/sandrajaramillo_regalo_01.png 800w\" sizes=\"(max-width: 768px) 100vw, 768px\" \/>\t\t\t\t\t\t\t\t\t\t\t\t\t\t\t<\/div>\n\t\t\t\t<\/div>\n\t\t\t\t\t<\/div>\n\t\t<\/div>\n\t\t\t\t<div class=\"elementor-column elementor-col-50 elementor-top-column elementor-element elementor-element-9440917\" data-id=\"9440917\" data-element_type=\"column\" data-e-type=\"column\">\n\t\t\t<div class=\"elementor-widget-wrap elementor-element-populated\">\n\t\t\t\t\t\t<div class=\"elementor-element elementor-element-82791cb elementor-widget elementor-widget-heading\" data-id=\"82791cb\" data-element_type=\"widget\" data-e-type=\"widget\" data-widget_type=\"heading.default\">\n\t\t\t\t<div class=\"elementor-widget-container\">\n\t\t\t\t\t<h2 class=\"elementor-heading-title elementor-size-large\">\u00a1No permitas que tu mente te quite la tranquilidad!<\/h2>\t\t\t\t<\/div>\n\t\t\t\t<\/div>\n\t\t\t\t<div class=\"elementor-element elementor-element-69523dd elementor-widget elementor-widget-heading\" data-id=\"69523dd\" data-element_type=\"widget\" data-e-type=\"widget\" data-widget_type=\"heading.default\">\n\t\t\t\t<div class=\"elementor-widget-container\">\n\t\t\t\t\t<h2 class=\"elementor-heading-title elementor-size-xl\">3 Estrategias poderosas para hacerle frente a los retos inesperados.<\/h2>\t\t\t\t<\/div>\n\t\t\t\t<\/div>\n\t\t\t\t<div class=\"elementor-element elementor-element-b3c2ef6 elementor-widget elementor-widget-text-editor\" data-id=\"b3c2ef6\" data-element_type=\"widget\" data-e-type=\"widget\" data-widget_type=\"text-editor.default\">\n\t\t\t\t<div class=\"elementor-widget-container\">\n\t\t\t\t\t\t\t\t\t<p>Reg\u00edstrate ahora mismo y <b>recibe 3 videos GRATIS<\/b> en donde te comparto mis secretos y herramientas para que empieces a entrenar tu mente a tu favor y puedas dise\u00f1ar desde HOY la vida que sue\u00f1as.<\/p>\t\t\t\t\t\t\t\t<\/div>\n\t\t\t\t<\/div>\n\t\t\t\t<div class=\"elementor-element elementor-element-1ac5f41 elementor-align-center elementor-mobile-align-justify elementor-widget elementor-widget-button\" data-id=\"1ac5f41\" data-element_type=\"widget\" data-e-type=\"widget\" data-widget_type=\"button.default\">\n\t\t\t\t<div class=\"elementor-widget-container\">\n\t\t\t\t\t\t\t\t\t<div class=\"elementor-button-wrapper\">\n\t\t\t\t\t<a class=\"elementor-button elementor-button-link elementor-size-lg\" href=\"\/site\/regalo\/\">\n\t\t\t\t\t\t<span class=\"elementor-button-content-wrapper\">\n\t\t\t\t\t\t\t\t\t<span class=\"elementor-button-text\">Reclamar regalo<\/span>\n\t\t\t\t\t<\/span>\n\t\t\t\t\t<\/a>\n\t\t\t\t<\/div>\n\t\t\t\t\t\t\t\t<\/div>\n\t\t\t\t<\/div>\n\t\t\t\t\t<\/div>\n\t\t<\/div>\n\t\t\t\t\t<\/div>\n\t\t<\/section>\n\t\t\t\t<section class=\"elementor-section elementor-top-section elementor-element elementor-element-e8caad5 elementor-hidden-desktop elementor-hidden-tablet elementor-hidden-mobile elementor-section-boxed elementor-section-height-default elementor-section-height-default\" data-id=\"e8caad5\" data-element_type=\"section\" data-e-type=\"section\" data-settings=\"{&quot;background_background&quot;:&quot;classic&quot;}\">\n\t\t\t\t\t\t<div class=\"elementor-container elementor-column-gap-default\">\n\t\t\t\t\t<div class=\"elementor-column elementor-col-50 elementor-top-column elementor-element elementor-element-df3d065\" data-id=\"df3d065\" data-element_type=\"column\" data-e-type=\"column\">\n\t\t\t<div class=\"elementor-widget-wrap elementor-element-populated\">\n\t\t\t\t\t\t<div class=\"elementor-element elementor-element-7bba529 elementor-widget elementor-widget-heading\" data-id=\"7bba529\" data-element_type=\"widget\" data-e-type=\"widget\" data-widget_type=\"heading.default\">\n\t\t\t\t<div class=\"elementor-widget-container\">\n\t\t\t\t\t<h2 class=\"elementor-heading-title elementor-size-xxl\">Programa  3<\/h2>\t\t\t\t<\/div>\n\t\t\t\t<\/div>\n\t\t\t\t<div class=\"elementor-element elementor-element-2cefeb1 elementor-widget elementor-widget-text-editor\" data-id=\"2cefeb1\" data-element_type=\"widget\" data-e-type=\"widget\" data-widget_type=\"text-editor.default\">\n\t\t\t\t<div class=\"elementor-widget-container\">\n\t\t\t\t\t\t\t\t\t<p>Si no te gusta lo que ves en tu exterior (tus resultados), es importante primero revisar lo que pasa en tu interior (pensamientos, creencias y emociones). Estos son los fundamentos que encuentras en mis programas, para que tengas la estabilidad mental \u00f3ptima, y as\u00ed poder tomar las decisiones m\u00e1s acertadas que te lleven a coleccionar sue\u00f1os cumplidos.<\/p>\t\t\t\t\t\t\t\t<\/div>\n\t\t\t\t<\/div>\n\t\t\t\t<div class=\"elementor-element elementor-element-2dceaaf elementor-align-right elementor-mobile-align-justify elementor-widget elementor-widget-button\" data-id=\"2dceaaf\" data-element_type=\"widget\" data-e-type=\"widget\" data-widget_type=\"button.default\">\n\t\t\t\t<div class=\"elementor-widget-container\">\n\t\t\t\t\t\t\t\t\t<div class=\"elementor-button-wrapper\">\n\t\t\t\t\t<a class=\"elementor-button elementor-button-link elementor-size-lg\" href=\"#\">\n\t\t\t\t\t\t<span class=\"elementor-button-content-wrapper\">\n\t\t\t\t\t\t\t\t\t<span class=\"elementor-button-text\">Saber m\u00e1s<\/span>\n\t\t\t\t\t<\/span>\n\t\t\t\t\t<\/a>\n\t\t\t\t<\/div>\n\t\t\t\t\t\t\t\t<\/div>\n\t\t\t\t<\/div>\n\t\t\t\t\t<\/div>\n\t\t<\/div>\n\t\t\t\t<div class=\"elementor-column elementor-col-50 elementor-top-column elementor-element elementor-element-7fd2def\" data-id=\"7fd2def\" data-element_type=\"column\" data-e-type=\"column\">\n\t\t\t<div class=\"elementor-widget-wrap elementor-element-populated\">\n\t\t\t\t\t\t<div class=\"elementor-element elementor-element-bf87a7d elementor-widget elementor-widget-image\" data-id=\"bf87a7d\" data-element_type=\"widget\" data-e-type=\"widget\" data-widget_type=\"image.default\">\n\t\t\t\t<div class=\"elementor-widget-container\">\n\t\t\t\t\t\t\t\t\t\t\t\t\t\t\t<img loading=\"lazy\" decoding=\"async\" width=\"448\" height=\"565\" src=\"https:\/\/sandrajaramillo.com\/site\/wp-content\/uploads\/2021\/03\/sandrajaramillo_home_intro_01.png\" class=\"attachment-large size-large wp-image-429\" alt=\"\" srcset=\"https:\/\/sandrajaramillo.com\/site\/wp-content\/uploads\/2021\/03\/sandrajaramillo_home_intro_01.png 448w, https:\/\/sandrajaramillo.com\/site\/wp-content\/uploads\/2021\/03\/sandrajaramillo_home_intro_01-238x300.png 238w\" sizes=\"(max-width: 448px) 100vw, 448px\" \/>\t\t\t\t\t\t\t\t\t\t\t\t\t\t\t<\/div>\n\t\t\t\t<\/div>\n\t\t\t\t\t<\/div>\n\t\t<\/div>\n\t\t\t\t\t<\/div>\n\t\t<\/section>\n\t\t\t\t<\/div>\n\t\t","protected":false},"excerpt":{"rendered":"<p>Programas Si no te gusta lo que ves en tu exterior (tus resultados), es importante primero revisar lo que pasa en tu interior (pensamientos, creencias y emociones). Estos son los fundamentos que encuentras en mis programas, para que tengas una estabilidad mental \u00f3ptima, y as\u00ed poder tomar las decisiones m\u00e1s acertadas que te lleven a&hellip;&nbsp;<a href=\"https:\/\/sandrajaramillo.com\/site\/programas\/\" class=\"\" rel=\"bookmark\">Leer m\u00e1s &raquo;<span class=\"screen-reader-text\">Programas<\/span><\/a><\/p>\n","protected":false},"author":1,"featured_media":0,"parent":0,"menu_order":500,"comment_status":"closed","ping_status":"closed","template":"page-templates\/template-pagebuilder-full-width.php","meta":{"neve_meta_sidebar":"full-width","neve_meta_container":"","neve_meta_enable_content_width":"on","neve_meta_content_width":100,"neve_meta_title_alignment":"","neve_meta_author_avatar":"","neve_post_elements_order":"","neve_meta_disable_header":"","neve_meta_disable_footer":"","neve_meta_disable_title":"","footnotes":""},"class_list":["post-852","page","type-page","status-publish","hentry"],"_links":{"self":[{"href":"https:\/\/sandrajaramillo.com\/site\/wp-json\/wp\/v2\/pages\/852","targetHints":{"allow":["GET"]}}],"collection":[{"href":"https:\/\/sandrajaramillo.com\/site\/wp-json\/wp\/v2\/pages"}],"about":[{"href":"https:\/\/sandrajaramillo.com\/site\/wp-json\/wp\/v2\/types\/page"}],"author":[{"embeddable":true,"href":"https:\/\/sandrajaramillo.com\/site\/wp-json\/wp\/v2\/users\/1"}],"replies":[{"embeddable":true,"href":"https:\/\/sandrajaramillo.com\/site\/wp-json\/wp\/v2\/comments?post=852"}],"version-history":[{"count":131,"href":"https:\/\/sandrajaramillo.com\/site\/wp-json\/wp\/v2\/pages\/852\/revisions"}],"predecessor-version":[{"id":2351,"href":"https:\/\/sandrajaramillo.com\/site\/wp-json\/wp\/v2\/pages\/852\/revisions\/2351"}],"wp:attachment":[{"href":"https:\/\/sandrajaramillo.com\/site\/wp-json\/wp\/v2\/media?parent=852"}],"curies":[{"name":"wp","href":"https:\/\/api.w.org\/{rel}","templated":true}]}}