{"id":12,"date":"2021-03-01T00:00:08","date_gmt":"2021-03-01T05:00:08","guid":{"rendered":"https:\/\/demosites.io\/perfume-shop\/?page_id=12"},"modified":"2023-04-18T21:34:16","modified_gmt":"2023-04-19T02:34:16","slug":"soy-sandra","status":"publish","type":"page","link":"https:\/\/sandrajaramillo.com\/site\/soy-sandra\/","title":{"rendered":"Soy Sandra"},"content":{"rendered":"\t\t<div data-elementor-type=\"wp-page\" data-elementor-id=\"12\" class=\"elementor elementor-12\">\n\t\t\t\t\t\t<section class=\"elementor-section elementor-top-section elementor-element elementor-element-2616ab1 elementor-section-boxed elementor-section-height-default elementor-section-height-default\" data-id=\"2616ab1\" data-element_type=\"section\" data-e-type=\"section\" data-settings=\"{&quot;background_background&quot;:&quot;classic&quot;}\">\n\t\t\t\t\t\t<div class=\"elementor-container elementor-column-gap-default\">\n\t\t\t\t\t<div class=\"elementor-column elementor-col-100 elementor-top-column elementor-element elementor-element-569b66a\" data-id=\"569b66a\" data-element_type=\"column\" data-e-type=\"column\">\n\t\t\t<div class=\"elementor-widget-wrap elementor-element-populated\">\n\t\t\t\t\t\t<section class=\"elementor-section elementor-inner-section elementor-element elementor-element-df6f075 elementor-reverse-mobile elementor-section-boxed elementor-section-height-default elementor-section-height-default\" data-id=\"df6f075\" data-element_type=\"section\" data-e-type=\"section\">\n\t\t\t\t\t\t<div class=\"elementor-container elementor-column-gap-default\">\n\t\t\t\t\t<div class=\"elementor-column elementor-col-50 elementor-inner-column elementor-element elementor-element-e6f364d\" data-id=\"e6f364d\" data-element_type=\"column\" data-e-type=\"column\">\n\t\t\t<div class=\"elementor-widget-wrap elementor-element-populated\">\n\t\t\t\t\t\t<div class=\"elementor-element elementor-element-f3c0cf5 elementor-widget elementor-widget-heading\" data-id=\"f3c0cf5\" data-element_type=\"widget\" data-e-type=\"widget\" data-widget_type=\"heading.default\">\n\t\t\t\t<div class=\"elementor-widget-container\">\n\t\t\t\t\t<div class=\"elementor-heading-title elementor-size-default\">Cantante, compositora, educadora y autora. Colombiana, enamorada de la vida y aprendiz permanente de cada experiencia.<\/div>\t\t\t\t<\/div>\n\t\t\t\t<\/div>\n\t\t\t\t<div class=\"elementor-element elementor-element-1de662a elementor-widget elementor-widget-text-editor\" data-id=\"1de662a\" data-element_type=\"widget\" data-e-type=\"widget\" data-widget_type=\"text-editor.default\">\n\t\t\t\t<div class=\"elementor-widget-container\">\n\t\t\t\t\t\t\t\t\t<p>Vivo cada d\u00eda como un regalo \u00fanico. Centro mi atenci\u00f3n en conocerme cada vez mejor y en dar lo mejor de m\u00ed. Llevo 15 a\u00f1os entrenando mi mente para encontrar posibilidades en cada situaci\u00f3n. No siempre fue as\u00ed. Me dej\u00e9 llevar por un libreto com\u00fan que me condujo al lugar a donde nadie quiere llegar: <strong><em>Tienes c\u00e1ncer<\/em><\/strong>.<\/p><p>Atravesando este proceso, recuper\u00e9 no solo mi salud, sino el sentido de mi vida. Mis pasiones son la m\u00fasica, mi experiencia como mentora y coach en el arte de estar siempre mejor. Con ellas inspiro a las personas para que recuerden y reconecten con su fuerza y potencial, puedan dise\u00f1ar un nuevo marco mental para las posibilidades y la resiliencia, creando permanentemente estados de salud excepcional, armon\u00eda y equilibrio.<\/p>\t\t\t\t\t\t\t\t<\/div>\n\t\t\t\t<\/div>\n\t\t\t\t\t<\/div>\n\t\t<\/div>\n\t\t\t\t<div class=\"elementor-column elementor-col-50 elementor-inner-column elementor-element elementor-element-2d42e1d\" data-id=\"2d42e1d\" data-element_type=\"column\" data-e-type=\"column\">\n\t\t\t<div class=\"elementor-widget-wrap elementor-element-populated\">\n\t\t\t\t\t\t<div class=\"elementor-element elementor-element-6caade7 elementor-widget elementor-widget-image\" data-id=\"6caade7\" data-element_type=\"widget\" data-e-type=\"widget\" data-widget_type=\"image.default\">\n\t\t\t\t<div class=\"elementor-widget-container\">\n\t\t\t\t\t\t\t\t\t\t\t\t\t\t\t<img fetchpriority=\"high\" decoding=\"async\" width=\"800\" height=\"906\" src=\"https:\/\/sandrajaramillo.com\/site\/wp-content\/uploads\/2021\/10\/sandrajaramillo_quiensoy_01.png\" class=\"attachment-large size-large wp-image-1701\" alt=\"\" srcset=\"https:\/\/sandrajaramillo.com\/site\/wp-content\/uploads\/2021\/10\/sandrajaramillo_quiensoy_01.png 800w, https:\/\/sandrajaramillo.com\/site\/wp-content\/uploads\/2021\/10\/sandrajaramillo_quiensoy_01-265x300.png 265w, https:\/\/sandrajaramillo.com\/site\/wp-content\/uploads\/2021\/10\/sandrajaramillo_quiensoy_01-768x870.png 768w, https:\/\/sandrajaramillo.com\/site\/wp-content\/uploads\/2021\/10\/sandrajaramillo_quiensoy_01-600x680.png 600w\" sizes=\"(max-width: 800px) 100vw, 800px\" \/>\t\t\t\t\t\t\t\t\t\t\t\t\t\t\t<\/div>\n\t\t\t\t<\/div>\n\t\t\t\t\t<\/div>\n\t\t<\/div>\n\t\t\t\t\t<\/div>\n\t\t<\/section>\n\t\t\t\t\t<\/div>\n\t\t<\/div>\n\t\t\t\t\t<\/div>\n\t\t<\/section>\n\t\t\t\t<section class=\"elementor-section elementor-top-section elementor-element elementor-element-2e97f98 elementor-section-boxed elementor-section-height-default elementor-section-height-default\" data-id=\"2e97f98\" data-element_type=\"section\" data-e-type=\"section\" data-settings=\"{&quot;background_background&quot;:&quot;classic&quot;}\">\n\t\t\t\t\t\t<div class=\"elementor-container elementor-column-gap-default\">\n\t\t\t\t\t<div class=\"elementor-column elementor-col-100 elementor-top-column elementor-element elementor-element-0dee097\" data-id=\"0dee097\" data-element_type=\"column\" data-e-type=\"column\">\n\t\t\t<div class=\"elementor-widget-wrap elementor-element-populated\">\n\t\t\t\t\t\t<div class=\"elementor-element elementor-element-6fb7889 elementor-widget elementor-widget-heading\" data-id=\"6fb7889\" data-element_type=\"widget\" data-e-type=\"widget\" data-widget_type=\"heading.default\">\n\t\t\t\t<div class=\"elementor-widget-container\">\n\t\t\t\t\t<h5 class=\"elementor-heading-title elementor-size-xl\">\u201cLa maestr\u00eda en la vida consiste en volverte experto\nen conocer y manejar tu mente a tu favor\u201d<\/h5>\t\t\t\t<\/div>\n\t\t\t\t<\/div>\n\t\t\t\t\t<\/div>\n\t\t<\/div>\n\t\t\t\t\t<\/div>\n\t\t<\/section>\n\t\t\t\t<section class=\"elementor-section elementor-top-section elementor-element elementor-element-0e25e69 elementor-section-boxed elementor-section-height-default elementor-section-height-default\" data-id=\"0e25e69\" data-element_type=\"section\" data-e-type=\"section\" data-settings=\"{&quot;background_background&quot;:&quot;classic&quot;}\">\n\t\t\t\t\t\t<div class=\"elementor-container elementor-column-gap-default\">\n\t\t\t\t\t<div class=\"elementor-column elementor-col-100 elementor-top-column elementor-element elementor-element-1146461\" data-id=\"1146461\" data-element_type=\"column\" data-e-type=\"column\">\n\t\t\t<div class=\"elementor-widget-wrap elementor-element-populated\">\n\t\t\t\t\t\t<section class=\"elementor-section elementor-inner-section elementor-element elementor-element-06964e3 elementor-reverse-mobile elementor-section-boxed elementor-section-height-default elementor-section-height-default\" data-id=\"06964e3\" data-element_type=\"section\" data-e-type=\"section\">\n\t\t\t\t\t\t<div class=\"elementor-container elementor-column-gap-default\">\n\t\t\t\t\t<div class=\"elementor-column elementor-col-50 elementor-inner-column elementor-element elementor-element-27edca6\" data-id=\"27edca6\" data-element_type=\"column\" data-e-type=\"column\">\n\t\t\t<div class=\"elementor-widget-wrap elementor-element-populated\">\n\t\t\t\t\t\t<div class=\"elementor-element elementor-element-07415b7 elementor-widget elementor-widget-image\" data-id=\"07415b7\" data-element_type=\"widget\" data-e-type=\"widget\" data-widget_type=\"image.default\">\n\t\t\t\t<div class=\"elementor-widget-container\">\n\t\t\t\t\t\t\t\t\t\t\t\t\t\t\t<img decoding=\"async\" width=\"1024\" height=\"683\" src=\"https:\/\/sandrajaramillo.com\/site\/wp-content\/uploads\/2021\/02\/sandrajaramillo_quiensoy-1024x683.jpg\" class=\"attachment-large size-large wp-image-143\" alt=\"\" srcset=\"https:\/\/sandrajaramillo.com\/site\/wp-content\/uploads\/2021\/02\/sandrajaramillo_quiensoy-1024x683.jpg 1024w, https:\/\/sandrajaramillo.com\/site\/wp-content\/uploads\/2021\/02\/sandrajaramillo_quiensoy-scaled-600x400.jpg 600w, https:\/\/sandrajaramillo.com\/site\/wp-content\/uploads\/2021\/02\/sandrajaramillo_quiensoy-300x200.jpg 300w, https:\/\/sandrajaramillo.com\/site\/wp-content\/uploads\/2021\/02\/sandrajaramillo_quiensoy-768x512.jpg 768w, https:\/\/sandrajaramillo.com\/site\/wp-content\/uploads\/2021\/02\/sandrajaramillo_quiensoy-1536x1024.jpg 1536w, https:\/\/sandrajaramillo.com\/site\/wp-content\/uploads\/2021\/02\/sandrajaramillo_quiensoy-2048x1366.jpg 2048w, https:\/\/sandrajaramillo.com\/site\/wp-content\/uploads\/2021\/02\/sandrajaramillo_quiensoy-930x620.jpg 930w\" sizes=\"(max-width: 1024px) 100vw, 1024px\" \/>\t\t\t\t\t\t\t\t\t\t\t\t\t\t\t<\/div>\n\t\t\t\t<\/div>\n\t\t\t\t\t<\/div>\n\t\t<\/div>\n\t\t\t\t<div class=\"elementor-column elementor-col-50 elementor-inner-column elementor-element elementor-element-e8efa53\" data-id=\"e8efa53\" data-element_type=\"column\" data-e-type=\"column\">\n\t\t\t<div class=\"elementor-widget-wrap elementor-element-populated\">\n\t\t\t\t\t\t<div class=\"elementor-element elementor-element-5272fce elementor-widget elementor-widget-text-editor\" data-id=\"5272fce\" data-element_type=\"widget\" data-e-type=\"widget\" data-widget_type=\"text-editor.default\">\n\t\t\t\t<div class=\"elementor-widget-container\">\n\t\t\t\t\t\t\t\t\t<p>Me certifiqu\u00e9 como <strong>Coach personal de vida<\/strong> en el 2013 y como\u00a0 <strong>Coach en salud<\/strong> en el 2015 en International School of Coaching.<\/p><p>Tambi\u00e9n estudi\u00e9 <strong>La ciencia de la felicidad<\/strong> en la Universidad de Berkley en el 2012 y <strong>Mindfulness para el manejo de estr\u00e9s<\/strong> en la Universidad de Massachusetts en el 2013.<\/p><p>Soy <strong>Mentora Integral<\/strong> desde 2014, y tambi\u00e9n me form\u00e9 en <strong>Fundamentos de la Bioneuroemoci\u00f3n<\/strong>, en el Instituto de Enric Corbera en el 2015, y como <strong>Terapeuta cognitivo conductual<\/strong> en The Academy of Modern Applied Psychology en el 2019.<\/p><p>Hace poco termin\u00e9 una Certificaci\u00f3n en <strong>Mentor\u00eda desde la esencia<\/strong> con Tatiana Arias en el 2020.<\/p>\t\t\t\t\t\t\t\t<\/div>\n\t\t\t\t<\/div>\n\t\t\t\t\t<\/div>\n\t\t<\/div>\n\t\t\t\t\t<\/div>\n\t\t<\/section>\n\t\t\t\t<div class=\"elementor-element elementor-element-67bf0b0 elementor-widget elementor-widget-text-editor\" data-id=\"67bf0b0\" data-element_type=\"widget\" data-e-type=\"widget\" data-widget_type=\"text-editor.default\">\n\t\t\t\t<div class=\"elementor-widget-container\">\n\t\t\t\t\t\t\t\t\t<p>He participado en m\u00e1s de cuarenta programas en Mindvalley Academy (2016-2021) de temas relacionados con el crecimiento personal, espiritual, la salud y el bienestar, la meditaci\u00f3n, el equilibrio y la armon\u00eda. De igual manera estudi\u00e9 el programa de nutrici\u00f3n natural consciente Wildfit, en el 2018.<\/p><p>Soy la creadora de los programas <strong>Mejorarte (salud)<\/strong>, <strong>Conectarte (prevenci\u00f3n)<\/strong> y <strong>Cuidarte (educaci\u00f3n)<\/strong>, donde comparto con mis alumnos herramientas para entrenar la mente, generar salud y mantener el equilibrio en la vida, a trav\u00e9s de sesiones, clases, talleres, seminarios y conferencias. Transformando la adversidad en oportunidad, posibilidad y felicidad, experimentando el arte de estar siempre mejor.<\/p>\t\t\t\t\t\t\t\t<\/div>\n\t\t\t\t<\/div>\n\t\t\t\t\t<\/div>\n\t\t<\/div>\n\t\t\t\t\t<\/div>\n\t\t<\/section>\n\t\t\t\t<section class=\"elementor-section elementor-top-section elementor-element elementor-element-0dcd29a elementor-section-boxed elementor-section-height-default elementor-section-height-default\" data-id=\"0dcd29a\" data-element_type=\"section\" data-e-type=\"section\" data-settings=\"{&quot;background_background&quot;:&quot;classic&quot;}\">\n\t\t\t\t\t\t<div class=\"elementor-container elementor-column-gap-default\">\n\t\t\t\t\t<div class=\"elementor-column elementor-col-100 elementor-top-column elementor-element elementor-element-25cf549\" data-id=\"25cf549\" data-element_type=\"column\" data-e-type=\"column\">\n\t\t\t<div class=\"elementor-widget-wrap elementor-element-populated\">\n\t\t\t\t\t\t<section class=\"elementor-section elementor-inner-section elementor-element elementor-element-6b690c8 elementor-reverse-mobile elementor-section-boxed elementor-section-height-default elementor-section-height-default\" data-id=\"6b690c8\" data-element_type=\"section\" data-e-type=\"section\">\n\t\t\t\t\t\t<div class=\"elementor-container elementor-column-gap-default\">\n\t\t\t\t\t<div class=\"elementor-column elementor-col-33 elementor-inner-column elementor-element elementor-element-e3e7dd5\" data-id=\"e3e7dd5\" data-element_type=\"column\" data-e-type=\"column\">\n\t\t\t<div class=\"elementor-widget-wrap elementor-element-populated\">\n\t\t\t\t\t\t<div class=\"elementor-element elementor-element-2cd4c14 elementor-widget elementor-widget-text-editor\" data-id=\"2cd4c14\" data-element_type=\"widget\" data-e-type=\"widget\" data-widget_type=\"text-editor.default\">\n\t\t\t\t<div class=\"elementor-widget-container\">\n\t\t\t\t\t\t\t\t\t<p>La m\u00fasica siempre ha sido mi aliada y c\u00f3mplice, escribo canciones desde los 14 a\u00f1os y mi carrera profesional inici\u00f3 en los a\u00f1os 1998-1999, teniendo el inmenso honor de ser la telonera de <a href=\"https:\/\/es.wikipedia.org\/wiki\/Armando_Manzanero\" target=\"_blank\" rel=\"noopener\">Armando Manzanero<\/a> y <a href=\"https:\/\/es.wikipedia.org\/wiki\/Joan_Manuel_Serrat\" target=\"_blank\" rel=\"noopener\">Joan Manuel Serrat<\/a>.<\/p><p>Tengo cuatro producciones musicales en el mercado:<\/p><ul><li><a href=\"\/site\/musica\/\">Mejores Tiempos Vendr\u00e1n (2003)<\/a><\/li><li><a href=\"\/site\/musica\/\">Que te Vaya Bien (2008)<\/a><\/li><li><a href=\"\/site\/musica\/\">De Todos los Amores (2012)<\/a><\/li><li><a href=\"\/site\/musica\/\">La Fuerza Dentro (2020)<\/a><\/li><\/ul>\t\t\t\t\t\t\t\t<\/div>\n\t\t\t\t<\/div>\n\t\t\t\t\t<\/div>\n\t\t<\/div>\n\t\t\t\t<div class=\"elementor-column elementor-col-33 elementor-inner-column elementor-element elementor-element-796cb56\" data-id=\"796cb56\" data-element_type=\"column\" data-e-type=\"column\">\n\t\t\t<div class=\"elementor-widget-wrap elementor-element-populated\">\n\t\t\t\t\t\t<div class=\"elementor-element elementor-element-bc082bd elementor-widget elementor-widget-image\" data-id=\"bc082bd\" data-element_type=\"widget\" data-e-type=\"widget\" data-widget_type=\"image.default\">\n\t\t\t\t<div class=\"elementor-widget-container\">\n\t\t\t\t\t\t\t\t\t\t\t\t\t\t\t<img decoding=\"async\" width=\"865\" height=\"759\" src=\"https:\/\/sandrajaramillo.com\/site\/wp-content\/uploads\/2021\/04\/sandrajaramillo_armando_manzanero.png\" class=\"attachment-large size-large wp-image-920\" alt=\"\" srcset=\"https:\/\/sandrajaramillo.com\/site\/wp-content\/uploads\/2021\/04\/sandrajaramillo_armando_manzanero.png 865w, https:\/\/sandrajaramillo.com\/site\/wp-content\/uploads\/2021\/04\/sandrajaramillo_armando_manzanero-300x263.png 300w, https:\/\/sandrajaramillo.com\/site\/wp-content\/uploads\/2021\/04\/sandrajaramillo_armando_manzanero-768x674.png 768w, https:\/\/sandrajaramillo.com\/site\/wp-content\/uploads\/2021\/04\/sandrajaramillo_armando_manzanero-600x526.png 600w\" sizes=\"(max-width: 865px) 100vw, 865px\" \/>\t\t\t\t\t\t\t\t\t\t\t\t\t\t\t<\/div>\n\t\t\t\t<\/div>\n\t\t\t\t\t<\/div>\n\t\t<\/div>\n\t\t\t\t<div class=\"elementor-column elementor-col-33 elementor-inner-column elementor-element elementor-element-7ba80f9\" data-id=\"7ba80f9\" data-element_type=\"column\" data-e-type=\"column\">\n\t\t\t<div class=\"elementor-widget-wrap elementor-element-populated\">\n\t\t\t\t\t\t<div class=\"elementor-element elementor-element-330a089 elementor-widget elementor-widget-image\" data-id=\"330a089\" data-element_type=\"widget\" data-e-type=\"widget\" data-widget_type=\"image.default\">\n\t\t\t\t<div class=\"elementor-widget-container\">\n\t\t\t\t\t\t\t\t\t\t\t\t\t\t\t<img loading=\"lazy\" decoding=\"async\" width=\"865\" height=\"759\" src=\"https:\/\/sandrajaramillo.com\/site\/wp-content\/uploads\/2021\/05\/sandrajaramillo_joan_manuel_serrat.png\" class=\"attachment-large size-large wp-image-1147\" alt=\"\" srcset=\"https:\/\/sandrajaramillo.com\/site\/wp-content\/uploads\/2021\/05\/sandrajaramillo_joan_manuel_serrat.png 865w, https:\/\/sandrajaramillo.com\/site\/wp-content\/uploads\/2021\/05\/sandrajaramillo_joan_manuel_serrat-300x263.png 300w, https:\/\/sandrajaramillo.com\/site\/wp-content\/uploads\/2021\/05\/sandrajaramillo_joan_manuel_serrat-768x674.png 768w, https:\/\/sandrajaramillo.com\/site\/wp-content\/uploads\/2021\/05\/sandrajaramillo_joan_manuel_serrat-600x526.png 600w\" sizes=\"(max-width: 865px) 100vw, 865px\" \/>\t\t\t\t\t\t\t\t\t\t\t\t\t\t\t<\/div>\n\t\t\t\t<\/div>\n\t\t\t\t\t<\/div>\n\t\t<\/div>\n\t\t\t\t\t<\/div>\n\t\t<\/section>\n\t\t\t\t\t<\/div>\n\t\t<\/div>\n\t\t\t\t\t<\/div>\n\t\t<\/section>\n\t\t\t\t<section class=\"elementor-section elementor-top-section elementor-element elementor-element-8feaf81 elementor-section-boxed elementor-section-height-default elementor-section-height-default\" data-id=\"8feaf81\" data-element_type=\"section\" data-e-type=\"section\" data-settings=\"{&quot;background_background&quot;:&quot;classic&quot;}\">\n\t\t\t\t\t\t<div class=\"elementor-container elementor-column-gap-default\">\n\t\t\t\t\t<div class=\"elementor-column elementor-col-100 elementor-top-column elementor-element elementor-element-7ec0236\" data-id=\"7ec0236\" data-element_type=\"column\" data-e-type=\"column\">\n\t\t\t<div class=\"elementor-widget-wrap elementor-element-populated\">\n\t\t\t\t\t\t<div class=\"elementor-element elementor-element-1bf3d47 elementor-widget elementor-widget-heading\" data-id=\"1bf3d47\" data-element_type=\"widget\" data-e-type=\"widget\" data-widget_type=\"heading.default\">\n\t\t\t\t<div class=\"elementor-widget-container\">\n\t\t\t\t\t<h3 class=\"elementor-heading-title elementor-size-default\">Algunos de mis mentores<\/h3>\t\t\t\t<\/div>\n\t\t\t\t<\/div>\n\t\t\t\t<section class=\"elementor-section elementor-inner-section elementor-element elementor-element-fb16061 elementor-section-boxed elementor-section-height-default elementor-section-height-default\" data-id=\"fb16061\" data-element_type=\"section\" data-e-type=\"section\">\n\t\t\t\t\t\t<div class=\"elementor-container elementor-column-gap-default\">\n\t\t\t\t\t<div class=\"elementor-column elementor-col-33 elementor-inner-column elementor-element elementor-element-475c8b8\" data-id=\"475c8b8\" data-element_type=\"column\" data-e-type=\"column\">\n\t\t\t<div class=\"elementor-widget-wrap elementor-element-populated\">\n\t\t\t\t\t\t<div class=\"elementor-element elementor-element-97d2341 elementor-widget elementor-widget-image\" data-id=\"97d2341\" data-element_type=\"widget\" data-e-type=\"widget\" data-widget_type=\"image.default\">\n\t\t\t\t<div class=\"elementor-widget-container\">\n\t\t\t\t\t\t\t\t\t\t\t\t\t\t\t<img loading=\"lazy\" decoding=\"async\" width=\"800\" height=\"800\" src=\"https:\/\/sandrajaramillo.com\/site\/wp-content\/uploads\/2021\/04\/sandrajaramillo_deepak_chopra.png\" class=\"attachment-large size-large wp-image-922\" alt=\"\" srcset=\"https:\/\/sandrajaramillo.com\/site\/wp-content\/uploads\/2021\/04\/sandrajaramillo_deepak_chopra.png 800w, https:\/\/sandrajaramillo.com\/site\/wp-content\/uploads\/2021\/04\/sandrajaramillo_deepak_chopra-300x300.png 300w, https:\/\/sandrajaramillo.com\/site\/wp-content\/uploads\/2021\/04\/sandrajaramillo_deepak_chopra-150x150.png 150w, https:\/\/sandrajaramillo.com\/site\/wp-content\/uploads\/2021\/04\/sandrajaramillo_deepak_chopra-768x768.png 768w, https:\/\/sandrajaramillo.com\/site\/wp-content\/uploads\/2021\/04\/sandrajaramillo_deepak_chopra-600x600.png 600w, https:\/\/sandrajaramillo.com\/site\/wp-content\/uploads\/2021\/04\/sandrajaramillo_deepak_chopra-100x100.png 100w\" sizes=\"(max-width: 800px) 100vw, 800px\" \/>\t\t\t\t\t\t\t\t\t\t\t\t\t\t\t<\/div>\n\t\t\t\t<\/div>\n\t\t\t\t<div class=\"elementor-element elementor-element-a5575b6 elementor-widget elementor-widget-heading\" data-id=\"a5575b6\" data-element_type=\"widget\" data-e-type=\"widget\" data-widget_type=\"heading.default\">\n\t\t\t\t<div class=\"elementor-widget-container\">\n\t\t\t\t\t<h3 class=\"elementor-heading-title elementor-size-medium\">Deepak Chopra<\/h3>\t\t\t\t<\/div>\n\t\t\t\t<\/div>\n\t\t\t\t\t<\/div>\n\t\t<\/div>\n\t\t\t\t<div class=\"elementor-column elementor-col-33 elementor-inner-column elementor-element elementor-element-88aea26\" data-id=\"88aea26\" data-element_type=\"column\" data-e-type=\"column\">\n\t\t\t<div class=\"elementor-widget-wrap elementor-element-populated\">\n\t\t\t\t\t\t<div class=\"elementor-element elementor-element-d58240d elementor-widget elementor-widget-image\" data-id=\"d58240d\" data-element_type=\"widget\" data-e-type=\"widget\" data-widget_type=\"image.default\">\n\t\t\t\t<div class=\"elementor-widget-container\">\n\t\t\t\t\t\t\t\t\t\t\t\t\t\t\t<img loading=\"lazy\" decoding=\"async\" width=\"520\" height=\"520\" src=\"https:\/\/sandrajaramillo.com\/site\/wp-content\/uploads\/2023\/04\/sandrajaramillo_Tony_Robbins.png\" class=\"attachment-large size-large wp-image-1987\" alt=\"\" srcset=\"https:\/\/sandrajaramillo.com\/site\/wp-content\/uploads\/2023\/04\/sandrajaramillo_Tony_Robbins.png 520w, https:\/\/sandrajaramillo.com\/site\/wp-content\/uploads\/2023\/04\/sandrajaramillo_Tony_Robbins-300x300.png 300w, https:\/\/sandrajaramillo.com\/site\/wp-content\/uploads\/2023\/04\/sandrajaramillo_Tony_Robbins-150x150.png 150w\" sizes=\"(max-width: 520px) 100vw, 520px\" \/>\t\t\t\t\t\t\t\t\t\t\t\t\t\t\t<\/div>\n\t\t\t\t<\/div>\n\t\t\t\t<div class=\"elementor-element elementor-element-3339eb3 elementor-widget elementor-widget-heading\" data-id=\"3339eb3\" data-element_type=\"widget\" data-e-type=\"widget\" data-widget_type=\"heading.default\">\n\t\t\t\t<div class=\"elementor-widget-container\">\n\t\t\t\t\t<h3 class=\"elementor-heading-title elementor-size-medium\">Tony Robbins<\/h3>\t\t\t\t<\/div>\n\t\t\t\t<\/div>\n\t\t\t\t\t<\/div>\n\t\t<\/div>\n\t\t\t\t<div class=\"elementor-column elementor-col-33 elementor-inner-column elementor-element elementor-element-b965499\" data-id=\"b965499\" data-element_type=\"column\" data-e-type=\"column\">\n\t\t\t<div class=\"elementor-widget-wrap elementor-element-populated\">\n\t\t\t\t\t\t<div class=\"elementor-element elementor-element-42834ff elementor-widget elementor-widget-image\" data-id=\"42834ff\" data-element_type=\"widget\" data-e-type=\"widget\" data-widget_type=\"image.default\">\n\t\t\t\t<div class=\"elementor-widget-container\">\n\t\t\t\t\t\t\t\t\t\t\t\t\t\t\t<img loading=\"lazy\" decoding=\"async\" width=\"800\" height=\"800\" src=\"https:\/\/sandrajaramillo.com\/site\/wp-content\/uploads\/2021\/04\/sandrajaramillo_enric_corbera.png\" class=\"attachment-large size-large wp-image-926\" alt=\"\" srcset=\"https:\/\/sandrajaramillo.com\/site\/wp-content\/uploads\/2021\/04\/sandrajaramillo_enric_corbera.png 800w, https:\/\/sandrajaramillo.com\/site\/wp-content\/uploads\/2021\/04\/sandrajaramillo_enric_corbera-300x300.png 300w, https:\/\/sandrajaramillo.com\/site\/wp-content\/uploads\/2021\/04\/sandrajaramillo_enric_corbera-150x150.png 150w, https:\/\/sandrajaramillo.com\/site\/wp-content\/uploads\/2021\/04\/sandrajaramillo_enric_corbera-768x768.png 768w, https:\/\/sandrajaramillo.com\/site\/wp-content\/uploads\/2021\/04\/sandrajaramillo_enric_corbera-600x600.png 600w, https:\/\/sandrajaramillo.com\/site\/wp-content\/uploads\/2021\/04\/sandrajaramillo_enric_corbera-100x100.png 100w\" sizes=\"(max-width: 800px) 100vw, 800px\" \/>\t\t\t\t\t\t\t\t\t\t\t\t\t\t\t<\/div>\n\t\t\t\t<\/div>\n\t\t\t\t<div class=\"elementor-element elementor-element-4f691cf elementor-widget elementor-widget-heading\" data-id=\"4f691cf\" data-element_type=\"widget\" data-e-type=\"widget\" data-widget_type=\"heading.default\">\n\t\t\t\t<div class=\"elementor-widget-container\">\n\t\t\t\t\t<h3 class=\"elementor-heading-title elementor-size-medium\">Enric Corbera<\/h3>\t\t\t\t<\/div>\n\t\t\t\t<\/div>\n\t\t\t\t\t<\/div>\n\t\t<\/div>\n\t\t\t\t\t<\/div>\n\t\t<\/section>\n\t\t\t\t\t<\/div>\n\t\t<\/div>\n\t\t\t\t\t<\/div>\n\t\t<\/section>\n\t\t\t\t<\/div>\n\t\t","protected":false},"excerpt":{"rendered":"<p>Cantante, compositora, educadora y autora. Colombiana, enamorada de la vida y aprendiz permanente de cada experiencia. Vivo cada d\u00eda como un regalo \u00fanico. Centro mi atenci\u00f3n en conocerme cada vez mejor y en dar lo mejor de m\u00ed. Llevo 15 a\u00f1os entrenando mi mente para encontrar posibilidades en cada situaci\u00f3n. No siempre fue as\u00ed. Me&hellip;&nbsp;<a href=\"https:\/\/sandrajaramillo.com\/site\/soy-sandra\/\" class=\"\" rel=\"bookmark\">Leer m\u00e1s &raquo;<span class=\"screen-reader-text\">Soy Sandra<\/span><\/a><\/p>\n","protected":false},"author":1,"featured_media":0,"parent":0,"menu_order":100,"comment_status":"closed","ping_status":"closed","template":"page-templates\/template-pagebuilder-full-width.php","meta":{"neve_meta_sidebar":"full-width","neve_meta_container":"","neve_meta_enable_content_width":"on","neve_meta_content_width":100,"neve_meta_title_alignment":"","neve_meta_author_avatar":"","neve_post_elements_order":"","neve_meta_disable_header":"","neve_meta_disable_footer":"","neve_meta_disable_title":"","footnotes":""},"class_list":["post-12","page","type-page","status-publish","hentry"],"_links":{"self":[{"href":"https:\/\/sandrajaramillo.com\/site\/wp-json\/wp\/v2\/pages\/12","targetHints":{"allow":["GET"]}}],"collection":[{"href":"https:\/\/sandrajaramillo.com\/site\/wp-json\/wp\/v2\/pages"}],"about":[{"href":"https:\/\/sandrajaramillo.com\/site\/wp-json\/wp\/v2\/types\/page"}],"author":[{"embeddable":true,"href":"https:\/\/sandrajaramillo.com\/site\/wp-json\/wp\/v2\/users\/1"}],"replies":[{"embeddable":true,"href":"https:\/\/sandrajaramillo.com\/site\/wp-json\/wp\/v2\/comments?post=12"}],"version-history":[{"count":182,"href":"https:\/\/sandrajaramillo.com\/site\/wp-json\/wp\/v2\/pages\/12\/revisions"}],"predecessor-version":[{"id":2012,"href":"https:\/\/sandrajaramillo.com\/site\/wp-json\/wp\/v2\/pages\/12\/revisions\/2012"}],"wp:attachment":[{"href":"https:\/\/sandrajaramillo.com\/site\/wp-json\/wp\/v2\/media?parent=12"}],"curies":[{"name":"wp","href":"https:\/\/api.w.org\/{rel}","templated":true}]}}